eatest common divisor of 968596 and 14644?
2092
What is the greatest common factor of 1369935858 and 7974?
2658
Calculate the greatest common factor of 21760 and 14780.
20
What is the greatest common divisor of 1408 and 627296?
32
Calculate the greatest common divisor of 30825 and 6291.
9
What is the highest common divisor of 5334534 and 84?
6
Calculate the greatest common factor of 363345 and 1245.
15
What is the highest common factor of 192 and 4261032?
24
Calculate the highest common divisor of 450963 and 96743.
89
Calculate the greatest common divisor of 10 and 74568005.
5
Calculate the greatest common factor of 112110 and 592.
74
Calculate the highest common divisor of 536952 and 829608.
312
What is the highest common factor of 60 and 194157852?
12
What is the highest common divisor of 34115415 and 345?
15
What is the greatest common factor of 1495780360 and 136?
136
What is the highest common divisor of 1566981 and 9558?
531
What is the highest common factor of 909786234 and 6517?
6517
What is the greatest common factor of 9179320 and 1870?
170
Calculate the highest common divisor of 1275093 and 24984.
9
Calculate the highest common divisor of 185764832 and 1408.
352
What is the greatest common factor of 1381059 and 723?
3
What is the highest common factor of 94861 and 37921?
13
Calculate the highest common divisor of 585878 and 1182.
394
What is the greatest common divisor of 44178069 and 208?
13
Calculate the highest common divisor of 235 and 1846505.
5
Calculate the highest common divisor of 7323895 and 27695.
955
What is the greatest common divisor of 64220 and 16484?
52
Calculate the greatest common factor of 188971 and 2694074.
101
Calculate the greatest common divisor of 2750167 and 4956.
413
What is the highest common factor of 1246794 and 1074?
6
Calculate the greatest common divisor of 774 and 1103380.
86
Calculate the greatest common divisor of 82516 and 238336.
196
Calculate the greatest common divisor of 33001 and 1828963.
61
Calculate the highest common divisor of 206988 and 17338548.
4404
Calculate the highest common divisor of 20679 and 9447591.
339
Calculate the highest common factor of 222 and 946490.
2
Calculate the highest common divisor of 2 and 7428544.
2
Calculate the greatest common divisor of 6723 and 141507.
81
What is the highest common factor of 1025944 and 1010524?
1028
What is the greatest common factor of 15432260 and 1400?
20
Calculate the highest common divisor of 121366 and 30471.
7
What is the greatest common factor of 130 and 14449890?
130
What is the greatest common divisor of 6124 and 1068?
4
Calculate the greatest common factor of 462460767 and 219.
219
What is the greatest common factor of 18 and 473719716?
18
Calculate the greatest common factor of 13696 and 1135912.
856
Calculate the greatest common divisor of 832278 and 10390710.
5106
Calculate the greatest common factor of 175768739 and 551.
29
What is the highest common factor of 126 and 3222513?
63
What is the highest common factor of 4339170 and 1815?
165
What is the highest common factor of 24 and 74488782?
6
What is the greatest common divisor of 5375 and 569602725?
1075
Calculate the highest common factor of 629971 and 72266.
1571
What is the highest common factor of 30406 and 1212583?
23
Calculate the highest common factor of 155311587 and 324.
81
Calculate the highest common factor of 67027 and 629501.
691
What is the greatest common divisor of 285694 and 266738?
1354
Calculate the highest common divisor of 7409002 and 2934.
326
Calculate the greatest common divisor of 21 and 1871219.
7
What is the highest common divisor of 10873 and 2050017?
83
Calculate the highest common factor of 177 and 14528219.
59
Calculate the highest common divisor of 178107138 and 198.
198
What is the greatest common factor of 468 and 16667964?
36
Calculate the greatest common factor of 650 and 6439758.
26
What is the greatest common divisor of 45118 and 310828?
34
Calculate the greatest common factor of 18 and 8319774.
6
Calculate the highest common factor of 880220545 and 19330.
9665
Calculate the greatest common factor of 883852 and 32.
4
Calculate the greatest common factor of 182 and 5269706.
26
What is the highest common divisor of 108 and 3142041300?
108
Calculate the greatest common divisor of 361849812 and 84.
12
Calculate the greatest common factor of 232256 and 177536.
1216
Calculate the greatest common factor of 95 and 849495.
5
Calculate the greatest common divisor of 45838029 and 291.
291
Calculate the greatest common divisor of 13335 and 16842994.
889
What is the highest common factor of 26465 and 43818?
67
What is the highest common divisor of 144 and 53370?
18
Calculate the highest common factor of 7884 and 4827780.
36
What is the greatest common factor of 14737503 and 132?
33
Calculate the highest common divisor of 2343 and 632696691.
2343
Calculate the highest common divisor of 295926 and 6510.
186
What is the highest common divisor of 3453881 and 123?
41
Calculate the greatest common factor of 9361 and 177563.
37
What is the highest common divisor of 12593 and 3185008967?
12593
Calculate the highest common factor of 802839303 and 9.
9
Calculate the greatest common divisor of 91595 and 1295.
35
Calculate the greatest common divisor of 19027450 and 609550.
3650
Calculate the greatest common divisor of 12 and 1102182.
6
Calculate the greatest common factor of 94288 and 342504.
568
What is the greatest common factor of 5094 and 212202?
18
What is the highest common factor of 207968382 and 27?
9
Calculate the highest common divisor of 849536318 and 164.
82
What is the highest common divisor of 45 and 173369448?
9
What is the greatest common factor of 2618654 and 79244?
3602
Calculate the highest common factor of 376 and 879981.
47
Calculate the greatest common divisor of 5834088 and 207.
207
What is the greatest common factor of 5744250 and 36630?
3330
What is the highest common factor of 5072202 and 10602?
342
What is the greatest common divisor of 129 and 152432592?
129
What is the highest common factor of 40854638 and 13772?
6886
What is the highest common factor of 295 and 60472345?
295
What is the highest common factor of 130130 and 1625?
65
Calculate the highest common divisor of 108 and 1811397132.
36
What is the highest common factor of 96407 and 12220263?
901
What is the highest common factor of 544 and 252688?
272
Calculate the highest common divisor of 11993462 and 106444.
2314
Calculate the highest common factor of 42440 and 182644784.
8488
What is the highest common factor of 21008 and 57382?
26
What is the highest common divisor of 1908890 and 180?
10
Calculate the highest common factor of 215923 and 223312.
821
What is the highest common factor of 897295 and 105?
35
Calculate the greatest common factor of 313873950 and 65.
65
Calculate the highest common divisor of 395 and 564385.
5
Calculate the greatest common divisor of 40515 and 1309255.
365
Calculate the highest common divisor of 14010 and 3282180.
30
What is the greatest common divisor of 17781175 and 232405?
4385
What is the highest common divisor of 3152788 and 3?
1
Calculate the greatest common divisor of 899915 and 44521.
211
What is the highest common divisor of 8699427 and 1188?
297
What is the highest common divisor of 85338 and 33957?
99
Calculate the highest common divisor of 876 and 56413086.
438
What is the greatest common factor of 37538395 and 475?
95
Calculate the highest common divisor of 78 and 86612886.
6
What is the greatest common factor of 4314608 and 1584?
16
What is the greatest common divisor of 349728 and 2592?
96
What is the greatest common divisor of 33239 and 71827160?
773
What is the highest common factor of 288505980 and 19890?
1530
What is the greatest common factor of 1785 and 334436529?
357
What is the greatest common divisor of 83021631 and 1078?
539
What is the highest common factor of 3350943 and 158?
79
What is the greatest common factor of 12306314 and 902?
82
Calculate the highest common factor of 186822 and 679878.
1926
What is the highest common divisor of 4485 and 9427125?
345
Calculate the greatest common divisor of 172280 and 8156160.
2360
Calculate the greatest common divisor of 45 and 68757030.
45
What is the highest common f